{"id":210,"date":"2020-11-04T00:17:25","date_gmt":"2020-11-04T00:17:25","guid":{"rendered":"https:\/\/themes.getmotopress.com\/albatross\/?page_id=210"},"modified":"2026-02-13T18:07:23","modified_gmt":"2026-02-13T17:07:23","slug":"about","status":"publish","type":"page","link":"https:\/\/auxberges-thur.fr\/new\/index.php\/about\/","title":{"rendered":"Bienvenue !"},"content":{"rendered":"\t\t<div data-elementor-type=\"wp-page\" data-elementor-id=\"210\" class=\"elementor elementor-210\">\n\t\t\t\t\t\t<section class=\"elementor-section elementor-top-section elementor-element elementor-element-b738728 elementor-section-boxed elementor-section-height-default elementor-section-height-default\" data-id=\"b738728\" data-element_type=\"section\" data-e-type=\"section\">\n\t\t\t\t\t\t<div class=\"elementor-container elementor-column-gap-default\">\n\t\t\t\t\t<div class=\"elementor-column elementor-col-50 elementor-top-column elementor-element elementor-element-3a1dacf\" data-id=\"3a1dacf\" data-element_type=\"column\" data-e-type=\"column\">\n\t\t\t<div class=\"elementor-widget-wrap elementor-element-populated\">\n\t\t\t\t\t\t<div class=\"elementor-element elementor-element-289d431 elementor-widget elementor-widget-image\" data-id=\"289d431\" data-element_type=\"widget\" data-e-type=\"widget\" data-widget_type=\"image.default\">\n\t\t\t\t<div class=\"elementor-widget-container\">\n\t\t\t\t\t\t\t\t\t\t\t\t\t\t\t<img fetchpriority=\"high\" decoding=\"async\" width=\"498\" height=\"472\" src=\"https:\/\/auxberges-thur.fr\/new\/wp-content\/uploads\/2023\/10\/Maison02.png\" class=\"attachment-full size-full wp-image-512\" alt=\"Aux Berges de la Thur\" srcset=\"https:\/\/auxberges-thur.fr\/new\/wp-content\/uploads\/2023\/10\/Maison02.png 498w, https:\/\/auxberges-thur.fr\/new\/wp-content\/uploads\/2023\/10\/Maison02-300x284.png 300w, https:\/\/auxberges-thur.fr\/new\/wp-content\/uploads\/2023\/10\/Maison02-317x300.png 317w\" sizes=\"(max-width: 498px) 100vw, 498px\" \/>\t\t\t\t\t\t\t\t\t\t\t\t\t\t\t<\/div>\n\t\t\t\t<\/div>\n\t\t\t\t\t<\/div>\n\t\t<\/div>\n\t\t\t\t<div class=\"elementor-column elementor-col-50 elementor-top-column elementor-element elementor-element-5f6f1d3\" data-id=\"5f6f1d3\" data-element_type=\"column\" data-e-type=\"column\">\n\t\t\t<div class=\"elementor-widget-wrap elementor-element-populated\">\n\t\t\t\t\t\t<div class=\"elementor-element elementor-element-fbf341b elementor-drop-cap-yes elementor-drop-cap-view-default elementor-widget elementor-widget-text-editor\" data-id=\"fbf341b\" data-element_type=\"widget\" data-e-type=\"widget\" data-settings=\"{&quot;drop_cap&quot;:&quot;yes&quot;}\" data-widget_type=\"text-editor.default\">\n\t\t\t\t<div class=\"elementor-widget-container\">\n\t\t\t\t\t\t\t\t\t<p><span class=\"Style17\">Aux Berges de la Thur<\/span>, nous vous recevons dans notre charmante maison de ma\u00eetre de 1926, ancienne demeure familiale du directeur des mines de Potasse. Cette maison typique, t\u00e9moin de la riche \u00e9poque de l\u2019exploitation mini\u00e8re, a \u00e9t\u00e9 r\u00e9nov\u00e9e par nos soins avec attention et amour.<\/p>\t\t\t\t\t\t\t\t<\/div>\n\t\t\t\t<\/div>\n\t\t\t\t<div class=\"elementor-element elementor-element-9113c74 elementor-widget elementor-widget-text-editor\" data-id=\"9113c74\" data-element_type=\"widget\" data-e-type=\"widget\" data-widget_type=\"text-editor.default\">\n\t\t\t\t<div class=\"elementor-widget-container\">\n\t\t\t\t\t\t\t\t\t<p>Apr\u00e8s vos promenades et d\u00e9couvertes de notre splendide r\u00e9gion, vous pourrez vous d\u00e9lassez dans l\u2019une de nos <span class=\"Style17\">quatre agr\u00e9ables chambres<\/span> situ\u00e9es au 1er \u00e9tage de la maison. <span class=\"Style17\">Kelsch, Kitterl\u00e9, Kougelhopf, Kirsch,<\/span> chacune d\u2019elle \u00e9voque une typicit\u00e9 de la r\u00e9gion !<\/p>\n<p class=\"Style13\" align=\"justify\">Elles ont \u00e9t\u00e9 am\u00e9nag\u00e9es avec go\u00fbt et tout le confort n\u00e9cessaire \u00e0 un plaisant s\u00e9jour.<\/p>\t\t\t\t\t\t\t\t<\/div>\n\t\t\t\t<\/div>\n\t\t\t\t\t<\/div>\n\t\t<\/div>\n\t\t\t\t\t<\/div>\n\t\t<\/section>\n\t\t\t\t<section class=\"elementor-section elementor-top-section elementor-element elementor-element-5d8426f elementor-section-boxed elementor-section-height-default elementor-section-height-default\" data-id=\"5d8426f\" data-element_type=\"section\" data-e-type=\"section\">\n\t\t\t\t\t\t<div class=\"elementor-container elementor-column-gap-default\">\n\t\t\t\t\t<div class=\"elementor-column elementor-col-100 elementor-top-column elementor-element elementor-element-6018175\" data-id=\"6018175\" data-element_type=\"column\" data-e-type=\"column\">\n\t\t\t<div class=\"elementor-widget-wrap elementor-element-populated\">\n\t\t\t\t\t\t<div class=\"elementor-element elementor-element-8f9dc75 elementor-widget elementor-widget-image\" data-id=\"8f9dc75\" data-element_type=\"widget\" data-e-type=\"widget\" data-widget_type=\"image.default\">\n\t\t\t\t<div class=\"elementor-widget-container\">\n\t\t\t\t\t\t\t\t\t\t\t\t\t\t\t<img decoding=\"async\" width=\"1338\" height=\"494\" src=\"https:\/\/auxberges-thur.fr\/new\/wp-content\/uploads\/2026\/02\/Maison04.png\" class=\"attachment-full size-full wp-image-357602\" alt=\"La Maison\" srcset=\"https:\/\/auxberges-thur.fr\/new\/wp-content\/uploads\/2026\/02\/Maison04.png 1338w, https:\/\/auxberges-thur.fr\/new\/wp-content\/uploads\/2026\/02\/Maison04-300x111.png 300w, https:\/\/auxberges-thur.fr\/new\/wp-content\/uploads\/2026\/02\/Maison04-1024x378.png 1024w, https:\/\/auxberges-thur.fr\/new\/wp-content\/uploads\/2026\/02\/Maison04-768x284.png 768w, https:\/\/auxberges-thur.fr\/new\/wp-content\/uploads\/2026\/02\/Maison04-500x185.png 500w\" sizes=\"(max-width: 1338px) 100vw, 1338px\" \/>\t\t\t\t\t\t\t\t\t\t\t\t\t\t\t<\/div>\n\t\t\t\t<\/div>\n\t\t\t\t\t<\/div>\n\t\t<\/div>\n\t\t\t\t\t<\/div>\n\t\t<\/section>\n\t\t<div class=\"elementor-element elementor-element-4fe7e54 e-flex e-con-boxed e-con e-parent\" data-id=\"4fe7e54\" data-element_type=\"container\" data-e-type=\"container\">\n\t\t\t\t\t<div class=\"e-con-inner\">\n\t\t\t\t<div class=\"elementor-element elementor-element-fa18df6 elementor-widget elementor-widget-text-editor\" data-id=\"fa18df6\" data-element_type=\"widget\" data-e-type=\"widget\" data-widget_type=\"text-editor.default\">\n\t\t\t\t<div class=\"elementor-widget-container\">\n\t\t\t\t\t\t\t\t\t<p>En plus de notre accueil chaleureux, vous serez surpris par le calme et l\u2019environnement bucolique de notre maison, entour\u00e9e d\u2019un parc dot\u00e9 de beaux arbres et bord\u00e9e par la rivi\u00e8re <span class=\"Style17\">\u201cLa Thur\u201d<\/span>. Aux beaux jours, vous pourrez \u00e9galement profiter de la piscine, de ses transats,\u00a0 d&#8217;une table en terrasse, du salon de jardin&#8230;<\/p><p>C\u2019est donc avec grand plaisir que nous vous y recevrons pour vous faire d\u00e9couvrir les charmes de la r\u00e9gion.<\/p>\t\t\t\t\t\t\t\t<\/div>\n\t\t\t\t<\/div>\n\t\t\t\t\t<\/div>\n\t\t\t\t<\/div>\n\t\t\t\t<\/div>\n\t\t","protected":false},"excerpt":{"rendered":"<p>Aux Berges de la Thur, nous vous recevons dans notre charmante maison de ma\u00eetre de 1926, ancienne demeure familiale du directeur des mines de Potasse. Cette maison typique, t\u00e9moin de la riche \u00e9poque de l\u2019exploitation mini\u00e8re, a \u00e9t\u00e9 r\u00e9nov\u00e9e par nos soins avec attention et amour. Apr\u00e8s vos promenades et d\u00e9couvertes de notre splendide r\u00e9gion, [&hellip;]<\/p>\n","protected":false},"author":1,"featured_media":506,"parent":0,"menu_order":0,"comment_status":"closed","ping_status":"closed","template":"template-page-full-width.php","meta":{"inline_featured_image":false,"_monsterinsights_skip_tracking":false,"_monsterinsights_sitenote_active":false,"_monsterinsights_sitenote_note":"","_monsterinsights_sitenote_category":0,"footnotes":""},"class_list":["post-210","page","type-page","status-publish","has-post-thumbnail","hentry"],"aioseo_notices":[],"_links":{"self":[{"href":"https:\/\/auxberges-thur.fr\/new\/index.php\/wp-json\/wp\/v2\/pages\/210","targetHints":{"allow":["GET"]}}],"collection":[{"href":"https:\/\/auxberges-thur.fr\/new\/index.php\/wp-json\/wp\/v2\/pages"}],"about":[{"href":"https:\/\/auxberges-thur.fr\/new\/index.php\/wp-json\/wp\/v2\/types\/page"}],"author":[{"embeddable":true,"href":"https:\/\/auxberges-thur.fr\/new\/index.php\/wp-json\/wp\/v2\/users\/1"}],"replies":[{"embeddable":true,"href":"https:\/\/auxberges-thur.fr\/new\/index.php\/wp-json\/wp\/v2\/comments?post=210"}],"version-history":[{"count":27,"href":"https:\/\/auxberges-thur.fr\/new\/index.php\/wp-json\/wp\/v2\/pages\/210\/revisions"}],"predecessor-version":[{"id":357605,"href":"https:\/\/auxberges-thur.fr\/new\/index.php\/wp-json\/wp\/v2\/pages\/210\/revisions\/357605"}],"wp:featuredmedia":[{"embeddable":true,"href":"https:\/\/auxberges-thur.fr\/new\/index.php\/wp-json\/wp\/v2\/media\/506"}],"wp:attachment":[{"href":"https:\/\/auxberges-thur.fr\/new\/index.php\/wp-json\/wp\/v2\/media?parent=210"}],"curies":[{"name":"wp","href":"https:\/\/api.w.org\/{rel}","templated":true}]}}

<div data-elementor-type="wp-page" data-elementor-id="210" class="elementor elementor-210">
						<section class="elementor-section elementor-top-section elementor-element elementor-element-b738728 elementor-section-boxed elementor-section-height-default elementor-section-height-default" data-id="b738728" data-element_type="section" data-e-type="section">
						<div class="elementor-container elementor-column-gap-default">
					<div class="elementor-column elementor-col-50 elementor-top-column elementor-element elementor-element-3a1dacf" data-id="3a1dacf" data-element_type="column" data-e-type="column">
			<div class="elementor-widget-wrap elementor-element-populated">
						<div class="elementor-element elementor-element-289d431 elementor-widget elementor-widget-image" data-id="289d431" data-element_type="widget" data-e-type="widget" data-widget_type="image.default">
				<div class="elementor-widget-container">
															<img fetchpriority="high" decoding="async" width="498" height="472" src="https://auxberges-thur.fr/new/wp-content/uploads/2023/10/Maison02.png" class="attachment-full size-full wp-image-512" alt="Aux Berges de la Thur" srcset="https://auxberges-thur.fr/new/wp-content/uploads/2023/10/Maison02.png 498w, https://auxberges-thur.fr/new/wp-content/uploads/2023/10/Maison02-300x284.png 300w, https://auxberges-thur.fr/new/wp-content/uploads/2023/10/Maison02-317x300.png 317w" sizes="(max-width: 498px) 100vw, 498px" />															</div>
				</div>
					</div>
		</div>
				<div class="elementor-column elementor-col-50 elementor-top-column elementor-element elementor-element-5f6f1d3" data-id="5f6f1d3" data-element_type="column" data-e-type="column">
			<div class="elementor-widget-wrap elementor-element-populated">
						<div class="elementor-element elementor-element-fbf341b elementor-drop-cap-yes elementor-drop-cap-view-default elementor-widget elementor-widget-text-editor" data-id="fbf341b" data-element_type="widget" data-e-type="widget" data-settings="{&quot;drop_cap&quot;:&quot;yes&quot;}" data-widget_type="text-editor.default">
				<div class="elementor-widget-container">
									<p><span class="Style17">Aux Berges de la Thur</span>, nous vous recevons dans notre charmante maison de maître de 1926, ancienne demeure familiale du directeur des mines de Potasse. Cette maison typique, témoin de la riche époque de l’exploitation minière, a été rénovée par nos soins avec attention et amour.</p>								</div>
				</div>
				<div class="elementor-element elementor-element-9113c74 elementor-widget elementor-widget-text-editor" data-id="9113c74" data-element_type="widget" data-e-type="widget" data-widget_type="text-editor.default">
				<div class="elementor-widget-container">
									<p>Après vos promenades et découvertes de notre splendide région, vous pourrez vous délassez dans l’une de nos <span class="Style17">quatre agréables chambres</span> situées au 1er étage de la maison. <span class="Style17">Kelsch, Kitterlé, Kougelhopf, Kirsch,</span> chacune d’elle évoque une typicité de la région !</p>
<p class="Style13" align="justify">Elles ont été aménagées avec goût et tout le confort nécessaire à un plaisant séjour.</p>								</div>
				</div>
					</div>
		</div>
					</div>
		</section>
				<section class="elementor-section elementor-top-section elementor-element elementor-element-5d8426f elementor-section-boxed elementor-section-height-default elementor-section-height-default" data-id="5d8426f" data-element_type="section" data-e-type="section">
						<div class="elementor-container elementor-column-gap-default">
					<div class="elementor-column elementor-col-100 elementor-top-column elementor-element elementor-element-6018175" data-id="6018175" data-element_type="column" data-e-type="column">
			<div class="elementor-widget-wrap elementor-element-populated">
						<div class="elementor-element elementor-element-8f9dc75 elementor-widget elementor-widget-image" data-id="8f9dc75" data-element_type="widget" data-e-type="widget" data-widget_type="image.default">
				<div class="elementor-widget-container">
															<img decoding="async" width="1338" height="494" src="https://auxberges-thur.fr/new/wp-content/uploads/2026/02/Maison04.png" class="attachment-full size-full wp-image-357602" alt="La Maison" srcset="https://auxberges-thur.fr/new/wp-content/uploads/2026/02/Maison04.png 1338w, https://auxberges-thur.fr/new/wp-content/uploads/2026/02/Maison04-300x111.png 300w, https://auxberges-thur.fr/new/wp-content/uploads/2026/02/Maison04-1024x378.png 1024w, https://auxberges-thur.fr/new/wp-content/uploads/2026/02/Maison04-768x284.png 768w, https://auxberges-thur.fr/new/wp-content/uploads/2026/02/Maison04-500x185.png 500w" sizes="(max-width: 1338px) 100vw, 1338px" />															</div>
				</div>
					</div>
		</div>
					</div>
		</section>
		<div class="elementor-element elementor-element-4fe7e54 e-flex e-con-boxed e-con e-parent" data-id="4fe7e54" data-element_type="container" data-e-type="container">
					<div class="e-con-inner">
				<div class="elementor-element elementor-element-fa18df6 elementor-widget elementor-widget-text-editor" data-id="fa18df6" data-element_type="widget" data-e-type="widget" data-widget_type="text-editor.default">
				<div class="elementor-widget-container">
									<p>En plus de notre accueil chaleureux, vous serez surpris par le calme et l’environnement bucolique de notre maison, entourée d’un parc doté de beaux arbres et bordée par la rivière <span class="Style17">“La Thur”</span>. Aux beaux jours, vous pourrez également profiter de la piscine, de ses transats,  d&#8217;une table en terrasse, du salon de jardin&#8230;</p><p>C’est donc avec grand plaisir que nous vous y recevrons pour vous faire découvrir les charmes de la région.</p>								</div>
				</div>
					</div>
				</div>
				</div>

<p>Aux Berges de la Thur, nous vous recevons dans notre charmante maison de maître de 1926, ancienne demeure familiale du directeur des mines de Potasse. Cette maison typique, témoin de la riche époque de l’exploitation minière, a été rénovée par nos soins avec attention et amour. Après vos promenades et découvertes de notre splendide région, [&hellip;]</p>
